k**2 + 622*k - 328. Determine q(56).
8
Let i(b) = -29*b**3 - 103*b**2 + 7*b + 69. Determine i(-3).
-96
Let i(m) = -455*m - 195198. What is i(-429)?
-3
Let y(l) = l**2 - 51876*l - 363175. Calculate y(-7).
6
Let a(j) = -j**2 + 1142*j + 5730. Give a(-5).
-5
Let q(n) = -1324*n**3 + 4*n**2 - 3. Determine q(1).
-1323
Let v(u) = 4*u**2 + 14219*u + 7. Calculate v(0).
7
Let z(c) = -111*c**2 - 159*c + 2392. Calculate z(4).
-20
Let i(k) = -16707*k - 1720825. Give i(-103).
-4
Let j(l) = -2*l**3 - 11*l**2 + 580*l + 520. Give j(15).
-5
Let m(d) = -15*d**2 - 45*d + 820. What is m(6)?
10
Let a(q) = 7408*q**2 + 59266*q + 14. Determine a(-8).
-2
Let q(t) = -1260*t + 14256. Determine q(9).
2916
Let t(f) = -331*f - 154220. Give t(-466).
26
Let v(q) = q**2 + 247*q + 13402. Calculate v(-167).
42
Let c(y) = -y**3 + 282*y**2 + 2556*y - 367. Determine c(-9).
200
Let o(b) = 5167*b**2 + 31003*b + 4. Give o(-6).
-2
Let s(c) = -282*c + 5192. What is s(20)?
-448
Let w(a) = -a**3 - 13*a**2 - 225*a - 8255. Give w(-21).
-2
Let t(u) = -8003*u - 2264848. Calculate t(-283).
1
Let b(y) = -2843*y - 128133. Determine b(-45).
-198
Let s(v) = -548*v**2 + 15350*v - 41. Determine s(28).
127
Let y(x) = -177*x**2 + 185*x + 1234. Determine y(-6).
-6248
Let y(g) = 248*g + 31004. Determine y(-125).
4
Let q(g) = 29538*g + 88567. Determine q(-3).
-47
Let g(a) = a**2 + 11784*a + 105961. Give g(-9).
-14
Let j(q) = 366*q**2 + 2193*q + 42. What is j(-6)?
60
Let u(r) = -r**3 - 13*r**2 + 465*r - 743. Determine u(-30).
607
Let g(p) = -14917*p + 74608. Determine g(5).
23
Let q(x) = 762*x**2 - 5334*x + 3. Give q(7).
3
Let m(u) = -u**2 - 56*u + 223. Determine m(-50).
523
Let h(a) = -a**3 + 10*a**2 - 19*a - 140. Calculate h(6).
-110
Let u(d) = -81*d - 627. Give u(-8).
21
Let j(d) = -104*d**3 - 1352*d**2 + 119*d + 1528. Determine j(-13).
-19
Let w(o) = -2*o**3 + 13*o**2 - 83*o - 815. Calculate w(-10).
3315
Let a(x) = 6*x**2 + 419*x + 636. What is a(-69)?
291
Let m(u) = -441*u + 5036. What is m(12)?
-256
Let h(o) = o**3 - 26*o**2 + 166*o - 300. Determine h(15).
-285
Let f(t) = -24523*t - 1373275. Give f(-56).
13
Let q(t) = 145*t - 7743. What is q(53)?
-58
Let j(w) = 68*w**2 - 848*w + 365. What is j(11)?
-735
Let j(t) = -5*t**3 - 67*t**2 - 37*t - 136. Determine j(-12).
-700
Let w(t) = -t**3 + 34*t**2 + 406*t - 12975. Determine w(35).
10
Let j(x) = x**2 + 751*x + 11689. Calculate j(-16).
-71
Let t(k) = -14*k**2 + 36*k + 29. What is t(-1)?
-21
Let q(v) = -448*v - 146613. Determine q(-326).
-565
Let y(a) = -2438*a - 38914. Calculate y(-16).
94
Let n(b) = -4069*b - 7986. Calculate n(-2).
152
Let f(p) = 63*p**2 + 6709*p + 9889. Give f(-105).
19
Let u(b) = -b**2 - 25*b + 1094. What is u(-49)?
-82
Let v(q) = -2*q**3 - 599*q**2 + 1483*q + 354897. What is v(-300)?
-3
Let q(k) = -12100*k + 48419. Calculate q(4).
19
Let a(u) = 815*u**2 + 44009*u - 42. What is a(-54)?
12
Let l(c) = 72346*c + 30240629. Determine l(-418).
1
Let b(r) = 177*r**2 - 10*r - 5. Determine b(0).
-5
Let a(j) = 20*j**3 - 659*j**2 - 2198*j + 62. What is a(36)?
-10
Let a(d) = 8025*d - 1661184. Calculate a(207).
-9
Let s(l) = -l**3 + 51*l**2 + 5710*l + 10521. Calculate s(-53).
27
Let p(o) = 4329*o - 47122. Give p(10).
-3832
Let j(z) = 6944*z - 42172. Determine j(6).
-508
Let r(y) = -y**2 - 18047*y - 1115062. What is r(-62)?
8
Let r(c) = -c**2 + 212*c + 63164. What is r(373)?
3111
Let r(n) = 371*n + 129093. Calculate r(-348).
-15
Let l(f) = -3*f**2 - 641*f - 9301. Determine l(-198).
5
Let i(d) = -5*d**3 + 36*d**2 + 28*d - 313. Give i(7).
-68
Let l(m) = m**3 + 210*m**2 + 1268*m + 176995. Determine l(-208).
-221
Let v(p) = 26*p**3 + 4*p**2 - 39*p + 137. Determine v(4).
1709
Let x(b) = 4725*b - 193853. Determine x(41).
-128
Let l(s) = s**3 - 157*s**2 + 800*s + 37511. Determine l(150).
11
Let l(i) = 131*i**2 - 1888*i - 11216. What is l(19)?
203
Let c(h) = -2*h**3 + 75*h**2 - 239*h + 2264. Calculate c(35).
24
Let y(g) = g**3 - 209*g**2 + 1229*g + 17. Calculate y(6).
83
Let t(v) = -292589*v - 17555354. Determine t(-60).
-14
Let r(n) = -500*n - 5066. What is r(-10)?
-66
Let j(w) = w**3 + 11*w**2 + 41*w + 20. Determine j(-5).
-35
Let u(h) = -11359*h - 20655. Calculate u(-2).
2063
Let w(p) = 3684*p + 564113. Give w(-153).
461
Let n(o) = -84*o**2 + 4524*o - 16213. Calculate n(50).
-13
Let x(c) = 461*c - 13093. Calculate x(25).
-1568
Let j(x) = 40*x**2 + 22335*x + 30635. Give j(-557).
0
Let p(g) = 4096*g + 1724423. Determine p(-421).
7
Let m(y) = 143*y**3 + 3*y**2 + 34*y + 60. Calculate m(-2).
-1140
Let t(a) = -83*a - 5810. What is t(-65)?
-415
Let u(k) = k**2 - 342*k + 24566. Give u(107).
-579
Let t(a) = -1878*a - 29196. What is t(-15)?
-1026
Let s(v) = -3*v**2 + 2473*v + 22504. What is s(-9)?
4
Let v(x) = -x**3 + 17*x**2 + 686*x + 2434. Determine v(-4).
26
Let j(m) = 599*m**2 + 11960*m - 390. Calculate j(-20).
10
Let x(y) = 841*y - 22285. Calculate x(28).
1263
Let y(i) = -4*i**2 - 1519*i + 4599. Calculate y(3).
6
Let g(c) = 6*c**2 - 207*c + 1550. Give g(24).
38
Let k(m) = m**2 - 146*m - 2964. What is k(172)?
1508
Let r(b) = -92*b + 14885. Calculate r(163).
-111
Let i(l) = 5*l**2 - 366*l + 849. Calculate i(2).
137
Let d(m) = -2*m**3 + m**2 - 1947*m + 1164. Determine d(0).
1164
Let x(m) = 1607*m + 361626. Determine x(-225).
51
Let n(r) = -102*r**2 - 18652*r + 2624. Give n(-183).
62
Let d(a) = 28582*a + 11204143. What is d(-392)?
-1
Let g(f) = -2667*f - 12081. Calculate g(-5).
1254
Let a(u) = 5*u**2 - 53*u - 104. Determine a(-3).
100
Let j(o) = 5*o**3 - 100*o**2 + 173*o - 79. What is j(18)?
-205
Let s(l) = -102*l + 5896. Determine s(61).
-326
Let f(k) = 2*k**3 + 130*k**2 - 401*k - 17304. What is f(-66)?
450
Let r(a) = -a**3 + 472*a**2 + 10354*a - 499. What is r(493)?
-6
Let c(d) = 198588*d + 397119. Give c(-2).
-57
Let f(j) = -164*j**2 + 18036*j + 393. What is f(110)?
-47
Let x(d) = -10*d**3 + 42*d**2 - 178*d - 64. Calculate x(6).
-1780
Let y(h) = 7*h**2 + 1952*h + 19148. What is y(-10)?
328
Let n(q) = -7*q**2 + 106*q + 1349. Give n(-8).
53
Let w(n) = 2*n**3 - 99*n**2 - 75388*n + 3925. Give w(-171).
-8
Let s(z) = 2738*z + 136877. Give s(-50).
-23
Let v(d) = 7627*d - 53334. Calculate v(7).
55
Let q(w) = 25*w + 3273. What is q(-130)?
23
Let h(i) = 14*i**3 - 151*i**2 + 417*i - 4959. Determine h(11).
-9
Let d(s) = -171*s + 14012. Determine d(82).
-10
Let o(l) = 3*l**3 + 56*l**2 + 256*l - 56. Calculate o(-8).
-56
Let p(q) = 2*q**2 - 2167*q - 10834. Calculate p(-5).
51
Let u(p) = -10*p**3 - 7*p**2 - 58*p - 211. Give u(-4).
549
Let r(y) = -261*y**2 - 980*y + 287. Calculate r(-4).
31
Let z(h) = -5*h**3 - 168*h**2 - 255*h + 61. Give z(-32).
29
Let q(a) = 567*a + 36896. Give q(-69).
-2227
Let y(w) = 2*w**2 - 2866*w - 28892. What is y(-10)?
-32
Let q(t) = -4*t**2 - 91628*t + 458202. What is q(5)?
-38
Let z(v) = 446*v**2 + 24984*v + 432. What is z(-56)?
-16
Let y(z) = 222*z - 2734. Give y(11).
-292
Let f(t) = -42*t - 5800. Give f(-115).
-970
Let t(y) = y**2 - 173*y - 3100. Calculate t(190).
130
Let p(g) = -g**3 - 27*g**2 - 117*g - 130. Determine p(-2).
4
Let y(z) = 2*z**3 + 5*z**2 - 4*z - 2. Give y(1).
1
Let i(f) = 8543*f + 999349. Calculate i(-117).
-182
Let q(j) = -1808*j + 25531. Calculate q(14).
219
Let a(u) = 15919*u - 1193920. What is a(75)?
5
Let w(t) = 8194*t - 3343159. Calculate w(408).
-7
Let t(r) = 38*r**3 + 153*r**2 - 32*r - 148. What is t(-4)?
-4
Let b(r) = -90*r - 2394. What is b(-37)?
936
Let f(h) = 4410*h - 114640. Give f(26).
20
Let p(g) = 148*g - 81. Calculate p(17).
2435
Let z(q) = -q**3 - 996*q**2 + 8044*q - 33. Give z(8).
63
Let h(k) = 6*k**3 + 129*k**2 - 75*k + 4. What is h(-22)?
202
Let z(g) = -15*g**2 - 1044*g + 5482. Calculate z(5).
-113
Let w(u) = 379*u**2 + 184182*u - 5820. Calculate w(-486).
12
Let t(d) = 461213*d - 1383657. What is t(3)?
-18
Let x(y) = -71125*y + 4409746. Determine x(62).
-4
Let q(c) = 2816*c**2 + 76033*c + 16. Determine q(-27).
-11
Let w(i) = 64908*i - 3699802. Determine w(57).
-46
Let x(z) = -74*z**2 - 201*z + 20358. Calculate x(-18).
0
Let h(s) = 86513*s + 1989803. Determine h(-23).
4
Let o(q) = -11067*q - 1195181. Determine o(-108).
55
Let u(g) = g**3 - 60*g**2 - 908*g + 531. Calculate u(-13).
-2
Let w(j) = 31*j**2 + 1996*j + 4018. Give w(-2).
150
Let j(r) = 90196*r - 811743. Calculate j(9).
21
Let x(p) = 177*p**2 - 116